luate -60 - -164 - ((2 - 15) + 8).
109
What is -7 + -1 - (55 - (-93 - -105 - (-4 + 27)))?
-74
Evaluate 104 + (-224 - -117) + 0 + 18 + (2 - 73).
-56
What is 189 + -624 + 405 + (171 - -1)?
142
Calculate 7 + -13 - (25 - (-3 + 8 + -14)).
-40
Evaluate (-2 - -24) + (-16 - 22) - -41.
25
Evaluate 81 - 28 - (-44 - -56).
41
What is -28 + (-16 - -51) - (18 - 0)?
-11
Evaluate (-68 - -33) + 4 + 29.
-2
What is 16 + (-5 - (4 - -2))?
5
What is the value of -141 - (13 + (-20 - (0 - (8 + 6))) + 1)?
-149
Calculate -12 + (18 - (5 + 1)) - 11 - 23.
-34
Evaluate 518 - 548 - (1 + 10).
-41
Calculate -17 - (-30 + 16) - 16.
-19
What is the value of -88 + 47 + -75 + 137?
21
Evaluate (-13 + -12 - -102) + -14 + (5 - 7).
61
(38 - -2) + (102 - (62 - -11))
69
What is (-18 - 8) + -28 + -10 + 9 + (-2 - -12)?
-45
What is the value of -575 + 531 + 4 + 1 + 25?
-14
Calculate -182 - -184 - (-41 + -11 - (0 - -2)).
56
Calculate (3 - -5 - 6) + 24 + -45.
-19
What is -36 + 32 + -1 + -38?
-43
What is 19 - (-1 - -6 - (-15 - -2 - (-74 + 58)))?
17
What is -26 + (105 - (-155 - -223))?
11
Calculate (-6 - -9) + 1 + 1 - (0 + 12) - -20.
13
Calculate 63 + (-3 - (-3 + -8)) + (-53 - -24).
42
What is (5 - 6) + (14 - 1) + 29 - (-4 + 1)?
44
What is the value of 5 + 15 + (-17 - (0 + -81 - -17))?
67
Calculate 17 + -12 + 3 + 49.
57
What is the value of -125 - -115 - (4 - -7 - -9)?
-30
Evaluate -8 - (1 + ((67 - 73) + (-1 - -6) - 6)).
-2
Evaluate -14 + (-7 + -100 - -101).
-20
Evaluate 30 - (1 + 17 + (43 - 39)).
8
What is -1 + (-1 - 51 - (-92 - -60))?
-21
Calculate (-17 - (1 - 2 - -4)) + (-30 + 69 - 32).
-13
What is -16 + 6 - (-11 + (-18 - (-7 - -3)))?
15
Calculate (5 + (35 - 48) - -16) + 37.
45
3 + 77 - ((84 - 47) + -21)
64
Calculate 1 + (0 - -9) - (944 + -951) - 13.
4
29 - (-24 + 27 - (-9 + 25))
42
What is 5 - (-27 + 7 - -17 - (-13 + 1)) - -57?
53
Evaluate 26 + -56 + 5 - 14 - (9 - -1).
-49
Calculate 42 - (-9 + (-12 - (13 - 13)) + 21).
42
What is 47 + 30 + (-28 - 37)?
12
Calculate -34 - (6 + -22) - (25 - -5).
-48
What is 7 + 92 + 32 + -42?
89
What is (-4646 - -4504) + 47 + 1?
-94
What is the value of -22 + 21 + -14 + 30 + -10?
5
Calculate 0 + -5 + 4 + (-164 - -205).
40
31 - (-23 + (-6 - (-25 - 10)))
25
What is the value of 12 - 44 - 22 - -60 - (-1 + 1)?
6
42 - ((7 + 3 + 0 - 0) + -6 + -10)
48
Evaluate 5 + -7 - (6 - -10) - (-105 - -97).
-10
-4 - -5 - 49 - (14 + (-37 - -9) + 4)
-38
What is -2 - -51 - ((58 - 123) + 55)?
59
What is the value of 16 + (1 - (0 + -17 - (-79 - -69)))?
24
What is -9 - 3 - -2 - (-1097 - -1042)?
45
What is (-1 - -6) + 22 + (-52 - -43) + -7?
11
What is the value of 31 - (-16 - -34) - (-14 - -106 - 2)?
-77
Calculate -31 + -1 + -2 + (25 - (40 - 30)).
-19
Calculate -20 + (-5 - -11) + (-17 - -24) + 3 + 110.
106
Calculate (11 - 1) + (-2 - 2 - (36 + -42)) + -4.
8
21 + 15 + (6 - -9) + -23
28
Calculate -5 - (19 + -34 - 8 - 13).
31
Evaluate (-2 - (-14 - -8)) + (8 - (5 - 1)) + -2.
6
What is -51 + (118 - 13) + 62?
116
What is the value of 0 + 13 + (-27 - -10) + 10 + 11 + 11?
28
Evaluate -127 + (-3 - (7 + 17 - -4 - (-24 + 39))).
-143
What is the value of (-51 - 2) + (-77 - -46 - -68)?
-16
-88 + 13 + (-19 - -39) - 7
-62
What is 11 + 5 - (35 + 51 + -50)?
-20
1 + (-2 - -37) + 6066 + -6078
24
Calculate -25 + (12 - 29) - (-13 + 11 + 0).
-40
(22 - 0) + -18 + 236 + -226
14
What is the value of 25 + (-23 - 11) + 51?
42
What is (-26 - (-2 - (1 + (-43 - -22)))) + (-2 - 1)?
-47
What is the value of 1 - (623 - 541 - (-2 - -1 - -9))?
-73
-2 + -14 + 0 + (787 - 757)
14
-22 - (315 + -353 - (1 - -1))
18
What is 17 + 145 + 5 + -52?
115
What is the value of 11 - 22 - -19 - (-3 + -4 + 5)?
10
-11 - ((-11 + -6 - 6 - -3) + -8 + -5)
22
Calculate -32 + 25 + (2 + 1 - ((-10 - -21) + -13)).
-2
What is the value of -20 + (41 - (-9 + 25)) + 19?
24
(4 + -30 - 0) + (35 + -26 - -3) - -112
98
Calculate (-221 + 99 - -128) + -106 + (-1 - -2).
-99
Calculate -2 - (-12 + 5 + (-33 - -13 - -31)).
-6
What is -8 + (5 - -17) + (79 - 66)?
27
Calculate 3 + (-1 - -10) - (10 - -11).
-9
What is the value of -1 + (2 - (0 + 1) - (-707 - -732))?
-25
-52 + -1 - (-12 + 33 + -31 + -1)
-42
What is 34 + (6 + 18 - (-42 + 54))?
46
Calculate -77 - (-14 + -12 + 61 + -11).
-101
-49 - ((-6 - 1) + 14 - 14)
-42
Calculate (0 - 23 - (557 - 557)) + 19.
-4
What is the value of 23 + -19 + -9 + 7 + -4?
-2
(-2 - -37) + (50 - 13 - 36)
36
1 + 593 + -662 + 1 + (-1 - -1)
-67
Evaluate -10 - ((247 - 90) + -80).
-87
Evaluate (1 + 40 - 72) + -17 + -13.
-61
Evaluate (3 - -8) + -22 + 25 + 15.
29
Evaluate -23 + -42 + 60 + 29.
24
What is 3 + (9 + (-27 + 3 - -15) - 8) + -134?
-139
119 + 11 + (-16 - 56)
58
What is 8 - (-4 + (-2 - 29) + -15 + (2 - -2))?
54
What is the value of -108 + (183 - (9 - -12))?
54
-26 + 0 + (-68 - -79) + -2 + 55
38
Evaluate -76 + 99 + -52 + 15.
-14
Evaluate 7 - (13 + 0 + 24 - 17).
-13
Calculate 3 - (-1 + -2) - (25 - (-16 + (27 - 11))).
-19
Evaluate (-3 - (-1 - 13)) + (11 - -6 - 10).
18
What is the value of -2340 - -2200 - (4 + 2 + (-2 - -2))?
-146
Evaluate (-28 - (66 - 81)) + -6 + -12.
-31
What is the value of (-2 - -2) + -1264 + 1268 - (0 + 84)?
-80
What is the value of -1 + -22 + (-1 - -5) + (-566 - -478)?
-107
What is the value of -12 - (71 + (3 - (1 - -5 - (-19 + 10))))?
-71
What is the value of 9 + -48 + 4 + 15 + -72?
-92
What is the value of (-15 - -21) + -1 + 10 + (-6 - -79) + -9?
79
What is (31 - (-44 - -80)) + 3 + -1 + 46?
43
Evaluate (-2 - (-7 - -3)) + 51 + -58.
-5
22 - ((-25 - -34) + 20)
-7
Evaluate -19 + 24 - ((-14 - -6) + (-7 - 2)).
22
Calculate 20 + (-26 - -18) + (8 - 7) - -40.
53
What is the value of (-44 - -1) + (-8 - -6) + (-4 - (-12 + 4))?
-41
Evaluate -11 - (28 - 22) - -19 - -52.
54
Calculate (665 - 739) + (49 - 2).
-27
Evaluate -185 + 112 - -124 - (12 - -1).
38
0 + (40 - -108 - (7 + (4 - -6)))
131
Calculate (20 + -22 - ((-4 - (6 + -5)) + 10)) + -79.
-86
-13 + (3 - 9) + 27 - 4 - -2
6
2 + -7 + -1 + (63 + 48 - 28)
77
Calculate -15 + (11 - 1) + 19 + -10.
4
-4 + -35 + 35 + -33 + 43
6
Calculate -30 + 11 + -5 + (-1 - 7).
-32
What is -44 + 16 + -29 + 32 + 44?
19
Calculate (-34 - -32 - 27 - 2) + 122.
91
What is the value of 16 + -26 + -7 + (42 - 39)?
-14
Evaluate 36 - (73 + -38) - 10.
-9
What is -6 - -86 - (-6 - 2 - (4 + -6 + -16))?
70
-1 - (-45 - -33 - (-10 + 2) - (-2 + 7))
8
What is the value of (0 - -8) + -28 + -7 + 38 + -34?
-23
Evaluate 6 + 0 - (25 - (12 + -11 + 28)).
10
Evaluate 79 + -9 - (-32 - -54).
48
What is the value of 577 - 523 - (-2 + 62)?
-6
-7 - -70 - 58 - 58
-53
Calculate -18 - (-33 + 68 + -32).
-21
What is the value of -90 - (78 - 55 - 71)?
-42
Calculate 7 - 4 - ((-18 - -1) + (266 - 296)).
50
What is 11 - (-2 + 9 + 2 + -33 + 15)?
20
Calculate (-10 - -2) + 10 - (859 + -732).
-125
Calculate -1 - -7 - 7 - 0 - (61 - (-13 + 11)).
-64
What is 85 + -93 + -5 + 17 + 13?
17
Evaluate (-9 + 25 + 8 + -26 - 3) + 3.
-2
Evaluate (-6 - (-31 - -7)) + (0 - 53).
-35
Evaluate (4 - (-2 + 1)) + (111 - 183 - -46).
-21
Calculate 10 + 11 - (-189 - -247).
-37
What is the value of 1 - -1 - -10 - (253 - 315)?
74
What is -2 + -17 + 9 + -3 + -25?
-38
What is 4 - (-1 + 6) - (-18 - (-6 + -11 + 55))?
55
What is the value of (-2 - -11) + -3 - (46 - 14 - 43)?
17
Evaluate (22 - -32) + -20 + -36 + -1 + 47.
44
What is the value of -56 - (-91 + (-109 - -109))?
35
What is -1285 + 1255 + (-15 - 2)?
-47
What is (-2 - -13) + (58 - (-4 - (-17 + 12)))?
68
-3 + 0 + (9 - (30 - 11) - -60)
47
-104 + (-47 - -170) + -12
7
Evaluate 849 + -877 - (-48 - 3).
23
Evaluate 50 - (7 + 41 - -8).
-6
Calculate 121 + (-28 - (-12 - (-40 + 35))).
100
Calculate 1 + 79 + (23 + 36 - 29 - 38).
72
Evaluate -29 + -14 + 25 + (-49 - -15).
-52
What is -9 + 2 - (8 + 4 + -8 + 7)?
-18
What is the value of (5 - (213 + -225 + 21 + 1)) + 8?
3
(10 - (0 + 0)) + 67 + (-372 - -222)
-73
-11164 - -11076 - (-2 + -6 - -2)
-82
Calculate (81 - 89 - 29) + 89.
52
-84 - (-22 + (-47 - -13))
-28
Calculate (-51 - -88 - 23) + (-4 + -129 - (2 - 6)).
-115
What is the value of -27 + (5 - 9 - (-128 - -32))?
65
79 - (29 - (35 - (16 - 15)))
84
What is the value of 11 + 48 - (-140 + 231)?
-32
Calculate -34 + (1 - 0) - (-21 + -41 - -57).
-28
What is the value of -15 - (-1 - 13 - 8 - -2) - (1 + 14)?
-10
(9 - -8 - 6 - 18 - (6 - 6)) + -26
-33
What is -40 - ((-6 - (28 + -58)) + 9)?
-73
-4 - (94 + -11) - ((-36 - 1) + 26)
-76
What is (-4